.
-8
Let a be 23 - ((-10)/2)/5. Let h be (a/(-14))/(6/(-21)). Let y(x) = 3*x - 9*x + 8*x. Calculate y(h).
12
Let u(r) = r**3 + 2*r**2 - 23*r + 3. Let g be u(-6). Let y(z) = -8*z + 1. Let t(w) = -5*w + 1. Let v(q) = g*y(q) + 4*t(q). What is v(3)?
13
Let j(f) = 14*f**2 - f. Let g(d) = d**2. Let i(v) = -v**2 - 3*v + 27. Let x be i(-7). Let m(c) = x*j(c) - 2*g(c). Give m(1).
-15
Let n(z) = 19*z - 117. Let w be n(6). Let d(r) = -r**2 + 18*r + 56. Let s be d(w). Let b(l) = 2*l**2 + 14*l - 2. Calculate b(s).
-2
Suppose -n - 5 = -5*v + 11, -19 = -4*v + 7*n. Let w(r) = -3*r + 26. Calculate w(v).
17
Let q(g) = -9*g + 19. Let x be q(3). Let m(k) = -k**3 - 7*k**2 - 2*k**2 + 2*k - 11*k - 10 + 23 - 19. Calculate m(x).
2
Suppose 14 = -10*j + 44. Let d(h) = h**3 - h**2 - 11*h + 4. Let y(b) = -3*b**3 + 3*b**2 + 32*b - 12. Let t(c) = -17*d(c) - 6*y(c). What is t(j)?
7
Suppose -3*z - g - 3 + 4 = 0, 2*z + 4*g = 14. Let n(k) = 5*k**2 - 8*k - 6. Let x(u) = u**2 + 0*u**2 + 0*u + 0*u. Let o(s) = z*n(s) + 6*x(s). What is o(-6)?
-6
Let p(j) = 5*j + 486. Let t(f) = -4*f - 667. Let y(i) = -4*p(i) - 3*t(i). Give y(15).
-63
Let j(h) = 370 + h + h**3 + 401 - 742. What is j(0)?
29
Let k = 163 - 178. Let d(i) = i**2 + 14*i - 34. Determine d(k).
-19
Let k(z) be the third derivative of 11*z**4/8 + z**3/3 + 6*z**2 - 410*z + 2. Calculate k(-5).
-163
Let h(u) = 951 - u**2 - 229 - 222 - 233 - 246. Give h(0).
21
Let m(r) = -6*r + 6*r + 8*r - 21 - 7*r + 1. Determine m(12).
-8
Let j(h) be the second derivative of -h**3/3 - 2*h**2 + 39*h. Let g(w) = -6*w - 68. Let o be g(-12). Calculate j(o).
-12
Let u be -2 - (0 + 1 + -1). Suppose 4*m = -2*m + 366. Let v(a) = m - 10*a - 59 + 13*a. What is v(u)?
-4
Suppose 14*s - 26 = 12*s + 2*a, -3*s - 5*a = 1. Let h(c) = 8 - 17 + s - 4*c + 5 - c**2 + 2. What is h(-5)?
1
Let m(w) = 120*w - 10*w**2 - 1 - 7 - 129*w - 2*w**2 + 11*w**2. What is m(-6)?
10
Suppose -4 = -0*u + u. Let g(y) = 3*y - 400*y**2 - 17*y + y + 3 + 398*y**2 + 9*y. What is g(u)?
-13
Let q(v) be the first derivative of -3*v**2/2 + 64*v + 287. Let i(u) = -u + 34. Let y(a) = 5*i(a) - 3*q(a). Determine y(6).
2
Let w(f) = f**3 - 3*f**2 - 4*f - 3. Suppose 0 = -g - 3 + 8. Suppose -3*n - 3*c = 2*n - 32, g*c - 16 = n. Calculate w(n).
-3
Let z(m) be the third derivative of -m**5/60 - 19*m**4/24 - 11*m**3/6 - 7*m**2 + 66. Calculate z(-16).
37
Suppose -17*z + 70*z + z = -1188. Let k(j) = j**2 + 26*j + 89. Give k(z).
1
Let m(k) = -37*k - 177. Let o(d) = 18*d + 92. Let f(s) = -6*m(s) - 11*o(s). Determine f(-2).
2
Let p(b) = -446*b**2 + 31*b - 27. Let o(f) = 255*f**2 - 16*f + 13. Let k(u) = -7*o(u) - 4*p(u). Calculate k(-8).
49
Suppose -2*b - 5*a + 9 + 5 = 0, 4*b + 3*a = 14. Let u(m) be the third derivative of -25*m**b + 0*m + 0 + 1/8*m**4 - 5/6*m**3. Give u(4).
7
Let x(c) = -c**3 - 14*c**2 - 15*c - 12. Suppose -6*q - o - 58 = -q, q - 15 = -4*o. Determine x(q).
14
Let w(z) be the first derivative of 17 + 0*z**4 + 0*z + 0*z**2 - 1/120*z**5 + 5/3*z**3. Let u(g) be the third derivative of w(g). Give u(0).
0
Let a(c) be the third derivative of c**5/30 + c**4/12 - c**3/3 + 5*c**2 - 2*c + 608. Suppose 2 = s + 5. Calculate a(s).
10
Let v(f) = 4*f**3 + 1. Let z be v(1). Let o(w) = -1 - w + 7*w**3 - 6*w**3 - 23795*w**2 + 23790*w**2. Determine o(z).
-6
Let f(j) = 5*j**2 + 9*j - 22. Let r(z) = 4*z**2 + 8*z - 19. Let g(l) = 5*f(l) - 6*r(l). Determine g(6).
22
Let w = -718 - -693. Let j(n) = -n**3 - 29*n**2 - 101*n - 23. Determine j(w).
2
Let s(g) be the first derivative of 8*g**2 - 2*g - 5229. Determine s(3).
46
Let m(p) = -29*p - 826 + 31*p + 811. Determine m(8).
1
Let y(a) be the third derivative of -23*a**6/120 + 5*a**2 - 4. Suppose 0 = 5*f - 5. Suppose -5*r + 2*s = f, r - s = 6*r + 7. What is y(r)?
23
Let o be 1003/7 - 2/7. Let n = -137 + o. Let c(s) = -s**2 + 5*s + 8. Determine c(n).
2
Let j(f) = -4*f + 1. Let u(x) be the second derivative of x**5/20 + 5*x**4/12 + x**3 + 3*x**2 + 2*x. Let y be u(-4). Let c be (y/(-6))/(1/(-3)). Give j(c).
5
Let g(a) = -78*a**2 + 6*a**3 - 11*a**3 + 8 + 5*a**3 + a**3 + 10*a + 93*a**2. Determine g(-15).
-142
Let f(s) = 40*s - 699. Let x be f(17). Let a(n) = n**2 + 16*n - 65. Determine a(x).
-8
Let d(q) be the third derivative of 1/240*q**6 + 0*q + 0 + 5/24*q**4 + q**2 + 0*q**3 + 7/120*q**5. Let l(m) be the second derivative of d(m). What is l(-7)?
-14
Let f(a) = a**2 - 2 - 8*a - a + 0*a + 4. Let v be f(8). Let w(z) = 82*z**3 - 4*z**2 + 4*z + 8 - 83*z**3 - 2*z**2. Determine w(v).
-16
Let u(k) = k**3 - 5*k**2 + 3*k - 3. Let p(a) = a**3 + a**2. Let f be p(2). Suppose -5*v + 8*v - f = 0. Give u(v).
-7
Let w(l) = l - 25 + 6 + 26. Let i be (-6)/8 - (66/(-24) - -8). What is w(i)?
1
Suppose 2*b = 6 - 54. Let k = b + 24. Let a be 0*(2 + k - 3). Let x(v) = -v + 2. Calculate x(a).
2
Let y(c) be the first derivative of c**3/3 - 7*c**2/2 - 2. Suppose -t = -h + 11, -2*h + 7*h - 55 = -t. Suppose 2*a + 0 = g + h, -a - 4*g = -19. Give y(a).
0
Let h(r) = -11*r - r + 49*r - 1 - 14*r + r. Determine h(0).
-1
Let c(h) = 17*h + 0 + 1841664*h**2 + 17 - 1841665*h**2. What is c(18)?
-1
Let b(f) = -f**3 - 2*f**2 - 3*f - 4. Let l be b(-2). Let v be (8/5)/(l/130). Let w = -109 + v. Let u(d) = -2*d - 8. Determine u(w).
2
Suppose -92 = -17*j - 24. Suppose -12*p = -j*p + 96. Let d(o) = o**2 + 13*o + 18. Give d(p).
6
Suppose 4*t - 2*i = -t - 22, 0 = -3*t - i - 22. Let p(r) be the first derivative of -r**4/4 - 2*r**3 - r**2/2 + 3*r + 20031. Determine p(t).
9
Let t(y) be the first derivative of -2*y**3/3 - 4*y**2 + 5*y + 395. Let r = -6 + -1. Calculate t(r).
-37
Suppose 19*n + 127 = -101. Let g(l) = -3*l**2 - 36*l + 11. What is g(n)?
11
Let u(k) = -6*k + 2. Suppose -5*t + 69 - 49 = 0. Suppose -2*s - 2*c = t, 2*s + s - 26 = 5*c. Give u(s).
-10
Let b(n) = n**2 - 6*n - 2. Let z = 2214 - 2219. What is b(z)?
53
Let v = 795 - 799. Let g(q) = -q**3 - 6*q**2 - 4*q - 1. Give g(v).
-17
Let v(l) = 5*l**3 - 4*l**2 + 2 - 6*l**3 + 2*l**3. Suppose -5*f + 23 = -4*a + 5*a, 3*f = -a + 13. Suppose d - f*t = -5 - 6, 5*t - 15 = 0. What is v(d)?
2
Let q be 8/240*-5*(10 - 4). Let s(k) = -3*k**2 - k + 1. Calculate s(q).
-1
Let v be -10*(-15 - 162/(-10)). Let c(w) = 2*w**2 + 27*w + 36. Calculate c(v).
0
Let b(j) be the first derivative of 11*j**2 - 152*j - 13537. Calculate b(7).
2
Let i(w) = -w**3 + 8*w**2 - 6*w + 1. Let c(r) = -9*r**2 + 29*r**3 - 30*r**3 - 9*r + 3 - r**2. Let x be c(-9). Suppose x*q - 16 - 5 = 0. Determine i(q).
8
Let d be ((-410)/(-123))/((-2)/(-12)). Let i(q) = -3*q + 51. Calculate i(d).
-9
Suppose -b - 5*d = -6 + 19, -5*d - 27 = -b. Let p(t) = -7*t**2 + t**2 - t**3 - 8*t + 8 + 2*t**3. Give p(b).
1
Let r = 64 - 70. Let z be 16/r - (-13)/(-39). Let v(j) = -j + 1. Determine v(z).
4
Let y(s) = s**2 - 17*s + 21. Let b(x) = -228*x - 3181. Let o be b(-14). Give y(o).
-45
Let h(u) = u**2 + 7*u + 2. Let f(v) = 95*v - 33. Let j be f(2). Let t = j - 161. What is h(t)?
-10
Let c(a) = -1052*a - 235 - 2 + 1056*a + 30. Give c(51).
-3
Let y(r) = -51 - r**3 + 95 - 29*r**2 + 34*r**2 - r - 45 + 2*r. Give y(3).
20
Let x(v) = v + 5. Let g(b) = -b**3 - 15*b**2 + 27*b - 36. Let h be g(-17). Suppose -2*i + u - 2*u = h, -4*u + 64 = -i. Let t = -49 - i. What is x(t)?
0
Suppose -5*i = 4*h - 8*h - 16, -13 = -h - 3*i. Let m be (h - -1)/(-6)*12. Let k(p) be the first derivative of -2*p**3/3 - 3*p**2 - 5*p - 2. Determine k(m).
-13
Let v(t) = t**2 - 4*t + 5. Suppose 0 = -15*j + 34 + 26. What is v(j)?
5
Let b(u) = -11*u - 23 + 2*u**2 - 21 - 3 - u**2 + 27. Calculate b(6).
-50
Let y(d) be the first derivative of d**3/3 + 3*d**2/2 + 57*d + 1141. Determine y(0).
57
Let a(t) = t + 9. Suppose 4*f - 3*d - 333 = 0, 2*f - 4*d - 149 = d. Let q be 18/(-60) - f/10. What is a(q)?
0
Let n(d) be the second derivative of d**4/12 - 5*d**3/2 - 33*d**2 + 472*d. Calculate n(18).
-12
Let h be 168/(-49) + (-52)/91. Let n(s) be the second derivative of -s**4/12 + s**3/2 + 2*s**2 - 2*s. Calculate n(h).
-24
Let b(r) be the first derivative of -r**3/6 - 3*r**2/2 - 62*r - 91. Let c(o) be the first derivative of b(o). Let v be -1*5 - (4 + -2). Give c(v).
4
Let h(o) = -o**3 + 2*o**2 + 22*o - 1. Let s be 90/25 + 2 - (16/10 - 2). Give h(s).
-13
Suppose -9*k + 4 = -7*k. Let r(w) = 0*w + w**3 + 6*w**2 + 0*w**3 - 2*w + 3. Let t(i) = -4*i**3 - 19*i**2 + 7*i - 8. Let h(b) = k*t